base 2
1110
Convert -3 (base 11) to base 2.
-11
Convert -2 (base 16) to base 3.
-2
Convert 13 (base 6) to base 10.
9
-1a1 (base 14) to base 13
-1cc
-43 (base 10) to base 6
-111
4 (base 7) to base 2
100
3313 (base 4) to base 5
1442
Convert 111 (base 2) to base 15.
7
What is 12 (base 13) in base 16?
f
Convert 31 (base 10) to base 5.
111
What is 5 (base 11) in base 10?
5
Convert 10 (base 4) to base 11.
4
Convert -86 (base 16) to base 14.
-98
-1 (base 9) to base 2
-1
5 (base 13) to base 2
101
Convert 5a (base 11) to base 9.
72
What is -1110000 (base 2) in base 9?
-134
Convert -33 (base 4) to base 15.
-10
What is -132 (base 6) in base 14?
-40
-45 (base 10) to base 3
-1200
What is -12 (base 15) in base 9?
-18
Convert -1010 (base 3) to base 7.
-42
What is 142 (base 6) in base 2?
111110
Convert 110 (base 2) to base 3.
20
-4 (base 7) to base 16
-4
401 (base 5) to base 12
85
-1 (base 6) to base 4
-1
125 (base 8) to base 15
5a
0 (base 16) to base 10
0
Convert -9 (base 13) to base 16.
-9
Convert -100 (base 2) to base 11.
-4
What is 8 (base 16) in base 8?
10
What is -10 (base 3) in base 10?
-3
-10 (base 2) to base 3
-2
Convert 4 (base 11) to base 12.
4
-1 (base 13) to base 15
-1
What is -7d (base 16) in base 11?
-104
What is 110 (base 9) in base 8?
132
What is -7 (base 16) in base 8?
-7
Convert -168 (base 11) to base 16.
-c3
Convert -30 (base 4) to base 13.
-c
-11 (base 7) to base 14
-8
-2 (base 3) to base 4
-2
Convert -442 (base 6) to base 8.
-252
111 (base 14) to base 6
551
-31 (base 5) to base 11
-15
Convert -94 (base 12) to base 9.
-134
Convert 10220 (base 3) to base 5.
410
Convert 345 (base 6) to base 9.
162
-50 (base 8) to base 14
-2c
-33 (base 4) to base 11
-14
What is 2 (base 3) in base 13?
2
Convert 110 (base 3) to base 7.
15
-1 (base 10) to base 8
-1
12 (base 3) to base 7
5
3 (base 5) to base 9
3
-21 (base 3) to base 7
-10
What is 11 (base 5) in base 7?
6
What is -44 (base 6) in base 8?
-34
Convert -4 (base 9) to base 4.
-10
Convert 3 (base 4) to base 13.
3
What is -48 (base 11) in base 10?
-52
Convert -21 (base 3) to base 10.
-7
-113 (base 6) to base 4
-231
Convert 10101 (base 2) to base 5.
41
Convert -244 (base 5) to base 3.
-2202
-220 (base 10) to base 2
-11011100
364 (base 7) to base 8
301
What is -140 (base 6) in base 3?
-2020
Convert -4 (base 10) to base 5.
-4
Convert 3 (base 7) to base 6.
3
-1e (base 16) to base 13
-24
What is 114 (base 8) in base 11?
6a
Convert 11 (base 3) to base 2.
100
Convert -a (base 15) to base 14.
-a
-10 (base 3) to base 2
-11
What is 0 (base 12) in base 10?
0
Convert -3 (base 8) to base 4.
-3
-2201 (base 3) to base 10
-73
What is -642 (base 7) in base 16?
-144
What is 176 (base 8) in base 11?
105
Convert 2011 (base 4) to base 16.
85
What is -11 (base 3) in base 4?
-10
Convert 2 (base 16) to base 3.
2
What is 63 (base 13) in base 11?
74
What is 5b (base 12) in base 9?
78
a (base 12) to base 15
a
-35 (base 8) to base 10
-29
What is -43 (base 14) in base 5?
-214
22 (base 3) to base 7
11
-2 (base 3) to base 11
-2
-314 (base 8) to base 16
-cc
-533 (base 6) to base 15
-d6
Convert -144 (base 5) to base 8.
-61
What is -25 (base 6) in base 16?
-11
-9 (base 14) to base 7
-12
What is -163 (base 7) in base 5?
-334
What is 3 (base 13) in base 4?
3
Convert -7 (base 10) to base 12.
-7
-7 (base 11) to base 9
-7
2e (base 16) to base 9
51
Convert 4c (base 14) to base 10.
68
What is -11 (base 15) in base 4?
-100
What is 12 (base 16) in base 8?
22
Convert -4 (base 14) to base 13.
-4
11 (base 15) to base 8
20
What is 3 (base 8) in base 4?
3
Convert 101 (base 3) to base 2.
1010
Convert 2 (base 4) to base 14.
2
Convert -5 (base 9) to base 12.
-5
What is -54 (base 6) in base 9?
-37
10 (base 10) to base 2
1010
63 (base 7) to base 10
45
What is -106 (base 13) in base 6?
-451
-7 (base 10) to base 6
-11
-2 (base 16) to base 13
-2
60 (base 14) to base 15
59
What is -a (base 16) in base 8?
-12
Convert 55 (base 6) to base 5.
120
What is 2010 (base 3) in base 16?
39
Convert 52 (base 13) to base 9.
74
-30 (base 4) to base 7
-15
-10 (base 3) to base 5
-3
What is 144 (base 5) in base 14?
37
What is -3 (base 15) in base 16?
-3
What is -1a (base 11) in base 7?
-30
What is -6e (base 15) in base 14?
-76
Convert -204 (base 5) to base 10.
-54
-110 (base 5) to base 9
-33
Convert -210 (base 4) to base 3.
-1100
What is 7 (base 14) in base 2?
111
What is -56 (base 10) in base 15?
-3b
41 (base 6) to base 9
27
Convert 2 (base 10) to base 14.
2
4 (base 9) to base 10
4
What is -9 (base 11) in base 3?
-100
Convert -1 (base 16) to base 11.
-1
What is -1 (base 14) in base 9?
-1
-71 (base 10) to base 8
-107
What is -1010 (base 3) in base 16?
-1e
Convert 3a (base 11) to base 15.
2d
Convert a3 (base 15) to base 5.
1103
What is 12 (base 8) in base 10?
10
Convert -110 (base 5) to base 8.
-36
Convert 5 (base 16) to base 15.
5
-3 (base 15) to base 10
-3
-43 (base 5) to base 7
-32
Convert 88 (base 10) to base 12.
74
Convert -100 (base 2) to base 15.
-4
-10 (base 4) to base 13
-4
3 (base 4) to base 2
11
What is 3 (base 7) in base 12?
3
Convert -3120 (base 5) to base 2.
-110011010
Convert 1203 (base 4) to base 15.
69
What is 129 (base 14) in base 4?
3221
Convert 0 (base 6) to base 3.
0
What is -1000 (base 7) in base 8?
-527
What is -4 (base 13) in base 9?
-4
Convert 1 (base 5) to base 16.
1
-10 (base 3) to base 6
-3
-20 (base 5) to base 6
-14
What is 8 (base 11) in base 16?
8
What is 2 (base 14) in base 9?
2
Convert 10 (base 8) to base 7.
11
Convert 1132 (base 4) to base 10.
94
1212 (base 5) to base 11
156
5 (base 9) to base 8
5
8 (base 12) to base 13
8
What is 1 (base 2) in base 10?
1
Convert -441 (base 6) to base 2.
-10101001
12220 (base 3) to base 7
315
-c (base 16) to base 7
-15
What is 12 (base 9) in base 13?
b
What is 10010 (base 3) in base 8?
124
Convert -271 (base 11) to base 10.
-320
What is -46 (base 7) in base 5?
-114
Convert -7b (base 12) to base 16.
-5f
What is 48 (base 14) in base 11?
59
What is -134 (base 5) in base 14?
-32
-11 (base 4) to base 8
-5
What is 100 (base 3) in base 2?
1001
-3f (base 16) to base 5
-223
-2003 (base 5) to base 4
-3331
8 (base 15) to base 6
12
What is -5 (base 9) in base 4?
-11
-100 (base 3) to base 11
-9
Convert 0 (base 12) to base 11.
0
13 (base 5) to base 6
12
Convert -10 (base 2) to base 8.
-2
What is -1001 (base 2) in base 8?
-11
What is -3 (base 7) in base 6?
-3
0 (base 11) to base 3
0
-10 (base 10) to base 14
-a
112 (base 5) to base 4
200
What is cc (base 13) in base 4?
2220
What is 18 (base 16) in base 9?
26
What is 0 (base 8) in base 12?
0
Convert -41 (base 6) to base 11.
-23
What is 62 (base 15) in base 5?
332
Convert -22 (base 5) to base 9.
-13
-5 (base 11) to base 4
-11
What is 1023 (base 4) in base 16?
4b
What is -314 (base 5) in base 9?
-103
Convert a (base 14) to base 11.
a
What is -41 (base 8) in base 12?
-29
Convert -7 (base 13) to base 7.
-10
What is -7 (base 12) in base 10?
-7
What is -20 (base 9) in base 6?
-30
71 (base 9) to base 11
59
Convert 13 (base 5) to base 12.
8
-2 (base 14) to base 3
-2
Convert 1220 (base 4) to base 2.
1101000
Convert -9d (base 14) to base 5.
-1024
20 (base 3) to base 11
6
What is 0 (base 10) in base 15?
0
What is -31 (base 11) in base 7?
-46
30 (base 7) to base 15
16
Convert -5 (base 9) to base 15.
-5
What is -4 (base 7) in base 10?
-4
Convert -1125 (base 6) to base 3.
-100222
What is 2 (base 3) in base 14?
2
What is -29 (base 11) in base 14?
-23
What is -44 (base 9) in base 11?
-37
-11 (base 6) to base 16
-7
What is -3 (base 11) in base 15?
-3
-430 (base 6) to base 13
-c6
What is 5 (base 11) in base 3?
12
Convert -310 (base 4) to base 3.
-1221
What is 1 (base 2) in base 16?
1
Convert 13 (base 6) to base 16.
9
What is 1 (base 5) in base 8?
1
-4 (base 7) to base 3
-11
Convert -1 (base 5) to base 8.
-1
What is -4e (base 16) in base 9?
-86
Convert 101 (base 3) to base 11.
a
-16 (base 13) to base 4
-103
12 (base 9) to base 11
10
Convert -5 (base 8) to base 11.
-5
-127 (base 11) to base 3
-12120
-1100 (base 2) to base 13
-c
Convert 12 (base 16) to base 10.
18
What is -1 (base 12) in base 11?
-1
Convert 0 (base 12) to base 6.
0
What is 6 (base 9) in base 12?
6
-101110 (base 2) to base 4
-232
Convert 52 (base 7) to base 3.
1101
-46 (base 12) to base 10
-54
9 (base 16) to base 15
9
Convert -4